base 13) to base 16.
3
What is 1 (base 14) in base 2?
1
What is -45 (base 12) in base 5?
-203
What is 0 (base 13) in base 8?
0
Convert -1 (base 16) to base 6.
-1
-245 (base 8) to base 5
-1130
Convert 3 (base 15) to base 4.
3
What is 142 (base 6) in base 14?
46
Convert 221 (base 5) to base 10.
61
What is 3 (base 13) in base 4?
3
What is 7 (base 13) in base 9?
7
Convert 11 (base 3) to base 7.
4
2 (base 7) to base 4
2
7 (base 11) to base 12
7
175 (base 12) to base 16
e9
-100 (base 2) to base 4
-10
What is 17 (base 11) in base 9?
20
Convert -385 (base 9) to base 15.
-165
Convert -1 (base 5) to base 4.
-1
4 (base 7) to base 11
4
Convert -e (base 15) to base 2.
-1110
-6b (base 12) to base 14
-5d
-9 (base 16) to base 15
-9
What is 4 (base 16) in base 2?
100
What is -3 (base 11) in base 12?
-3
What is -2210 (base 4) in base 2?
-10100100
Convert -1 (base 15) to base 10.
-1
What is 0 (base 2) in base 12?
0
What is -4 (base 9) in base 16?
-4
Convert -5 (base 7) to base 6.
-5
Convert 3 (base 12) to base 6.
3
-4 (base 7) to base 13
-4
Convert -35 (base 10) to base 7.
-50
Convert 610 (base 8) to base 2.
110001000
Convert -15 (base 9) to base 11.
-13
1111 (base 2) to base 7
21
-4 (base 15) to base 9
-4
What is 69 (base 10) in base 3?
2120
10 (base 4) to base 9
4
What is -23 (base 5) in base 9?
-14
Convert 12 (base 7) to base 8.
11
1 (base 2) to base 15
1
What is -310 (base 4) in base 11?
-48
Convert 58 (base 11) to base 9.
70
4 (base 13) to base 7
4
Convert 3 (base 14) to base 16.
3
What is 3 (base 9) in base 6?
3
What is -1 (base 4) in base 2?
-1
What is -5d (base 16) in base 13?
-72
-143 (base 8) to base 14
-71
Convert 3 (base 6) to base 12.
3
-421 (base 8) to base 15
-133
13 (base 4) to base 8
7
66 (base 11) to base 6
200
Convert 5 (base 11) to base 4.
11
-b (base 16) to base 3
-102
5 (base 9) to base 8
5
1 (base 9) to base 2
1
Convert 4 (base 15) to base 5.
4
Convert 21d (base 14) to base 12.
2ab
Convert -3 (base 4) to base 10.
-3
3 (base 6) to base 7
3
Convert 7 (base 14) to base 12.
7
57 (base 14) to base 12
65
What is 1334 (base 5) in base 3?
22010
Convert 91 (base 14) to base 2.
1111111
-11 (base 9) to base 16
-a
8 (base 12) to base 8
10
What is -10 (base 14) in base 2?
-1110
-3 (base 5) to base 7
-3
What is -101001110 (base 2) in base 9?
-411
27 (base 15) to base 5
122
2 (base 3) to base 8
2
What is 130 (base 12) in base 11?
154
What is 4 (base 7) in base 14?
4
What is -13b (base 14) in base 9?
-306
What is -123 (base 5) in base 10?
-38
What is -12 (base 13) in base 2?
-1111
Convert 74 (base 16) to base 13.
8c
-1000100 (base 2) to base 3
-2112
-21 (base 3) to base 15
-7
What is -23 (base 13) in base 9?
-32
What is -1c (base 14) in base 13?
-20
2 (base 15) to base 4
2
-7 (base 12) to base 2
-111
2 (base 3) to base 9
2
What is 1 (base 3) in base 16?
1
What is -1111 (base 3) in base 6?
-104
6 (base 15) to base 12
6
-201 (base 6) to base 13
-58
350 (base 7) to base 6
502
What is 1 (base 15) in base 2?
1
What is -441 (base 6) in base 2?
-10101001
What is -101021 (base 3) in base 14?
-15b
What is 54 (base 7) in base 11?
36
What is -3 (base 8) in base 4?
-3
What is -354 (base 10) in base 14?
-1b4
What is -12 (base 5) in base 9?
-7
-3 (base 8) to base 9
-3
Convert 10 (base 3) to base 15.
3
Convert -100110 (base 2) to base 5.
-123
2033 (base 4) to base 14
a3
What is 3030 (base 4) in base 15?
d9
Convert -1212 (base 3) to base 8.
-62
12 (base 15) to base 16
11
Convert 132 (base 10) to base 6.
340
What is -10 (base 3) in base 6?
-3
ab (base 13) to base 16
8d
What is -dd (base 14) in base 16?
-c3
-a (base 11) to base 12
-a
What is -2 (base 15) in base 5?
-2
51 (base 13) to base 5
231
Convert 0 (base 13) to base 2.
0
Convert -2c (base 15) to base 14.
-30
Convert -11 (base 2) to base 5.
-3
What is -11 (base 11) in base 3?
-110
Convert 3 (base 12) to base 14.
3
What is 0 (base 11) in base 16?
0
What is -63 (base 9) in base 13?
-45
What is 218 (base 11) in base 16?
105
Convert 55 (base 14) to base 8.
113
Convert 13 (base 5) to base 4.
20
What is -4 (base 11) in base 13?
-4
Convert 20 (base 8) to base 7.
22
52 (base 6) to base 14
24
What is -2 (base 10) in base 7?
-2
Convert -11 (base 8) to base 3.
-100
Convert 110 (base 2) to base 11.
6
Convert 17 (base 9) to base 12.
14
Convert 1010100 (base 2) to base 9.
103
Convert 0 (base 6) to base 2.
0
0 (base 6) to base 11
0
Convert -30 (base 9) to base 10.
-27
What is 56 (base 10) in base 8?
70
What is -5 (base 13) in base 2?
-101
What is 23 (base 6) in base 15?
10
205 (base 6) to base 7
140
Convert 1e (base 16) to base 8.
36
Convert 3 (base 5) to base 14.
3
What is -2 (base 10) in base 11?
-2
-1 (base 14) to base 4
-1
-5 (base 12) to base 6
-5
-10100 (base 2) to base 11
-19
Convert 0 (base 10) to base 5.
0
What is -273 (base 11) in base 8?
-502
Convert -43 (base 14) to base 16.
-3b
-22 (base 12) to base 14
-1c
What is -2303 (base 5) in base 6?
-1304
Convert -5 (base 9) to base 16.
-5
Convert -3 (base 10) to base 11.
-3
2 (base 13) to base 10
2
What is -90 (base 15) in base 8?
-207
What is -2 (base 15) in base 6?
-2
What is 12 (base 3) in base 2?
101
Convert -1d (base 15) to base 5.
-103
Convert 0 (base 6) to base 4.
0
What is -3 (base 7) in base 2?
-11
Convert 3 (base 11) to base 6.
3
What is -142 (base 5) in base 9?
-52
11 (base 13) to base 8
16
Convert -1403 (base 5) to base 12.
-170
What is 312 (base 4) in base 7?
105
26 (base 7) to base 9
22
-146 (base 11) to base 12
-123
Convert 1 (base 9) to base 14.
1
31 (base 4) to base 8
15
Convert -162 (base 7) to base 6.
-233
Convert 5 (base 12) to base 7.
5
Convert 1 (base 15) to base 2.
1
-10010 (base 2) to base 5
-33
-1 (base 3) to base 5
-1
What is -59 (base 11) in base 4?
-1000
What is -442 (base 6) in base 14?
-c2
-1111 (base 4) to base 5
-320
Convert 0 (base 6) to base 16.
0
Convert 200 (base 3) to base 5.
33
Convert 20 (base 3) to base 13.
6
Convert -32 (base 4) to base 3.
-112
Convert -2 (base 3) to base 14.
-2
What is -8 (base 14) in base 9?
-8
-5 (base 15) to base 5
-10
What is 10 (base 11) in base 9?
12
Convert f (base 16) to base 6.
23
What is -11 (base 14) in base 13?
-12
Convert 2122 (base 3) to base 4.
1013
What is 313 (base 4) in base 12?
47
18b (base 12) to base 16
fb
Convert -2 (base 3) to base 16.
-2
33 (base 15) to base 5
143
-34 (base 7) to base 16
-19
What is -2 (base 12) in base 7?
-2
What is 174 (base 8) in base 9?
147
What is 1 (base 12) in base 9?
1
-1 (base 9) to base 7
-1
-16 (base 14) to base 2
-10100
Convert 2 (base 6) to base 10.
2
-15 (base 15) to base 16
-14
Convert -2 (base 4) to base 5.
-2
-2 (base 6) to base 10
-2
What is 3 (base 16) in base 8?
3
What is -2 (base 6) in base 3?
-2
Convert 111 (base 2) to base 13.
7
-2b (base 14) to base 5
-124
2 (base 6) to base 16
2
-b (base 16) to base 11
-10
What is 14 (base 11) in base 12?
13
3 (base 11) to base 13
3
2a (base 12) to base 15
24
Convert -456 (base 8) to base 12.
-212
Convert 8 (base 15) to base 9.
8
13 (base 10) to base 5
23
3 (base 14) to base 7
3
Convert 5 (base 12) to base 10.
5
Convert -84 (base 13) to base 12.
-90
-3b (base 16) to base 5
-214
-4 (base 16) to base 6
-4
Convert 18 (base 10) to base 12.
16
1 (base 14) to base 11
1
10 (base 16) to base 6
24
58 (base 11) to base 10
63
Convert -1123 (base 5) to base 15.
-ad
2 (base 7) to base 14
2
Convert 3 (base 15) to base 7.
3
Convert -140 (base 6) to base 15.
-40
Convert -5 (base 11) to base 16.
-5
What is 2 (base 11) in base 15?
2
-1221 (base 3) to base 16
-34
-5 (base 7) to base 4
-11
-1 (base 14) to base 13
-1
-b (base 15) to base 12
-b
Convert 1 (base 4) to base 8.
1
Convert -20 (base 3) to base 13.
-6
Convert 6 (base 7) to base 5.
11
Convert -11 (base 4) to base 16.
-5
What is 42 (base 7) in base 6?
50
-5 (base 16) to base 11
-5
Convert -2 (base 8) to base 12.
-2
What is 6 (base 12) in base 10?
6
What is -10101 (base 2) in base 14?
-17
What is 24 (base 6) in base 12?
14
What is 1 (base 4) in base 16?
1
-123 (base 5) to base 8
-46
Convert 3 (base 6) to base 7.
3
-6 (base 12) to base 9
-6
-17 (base 13) to base 15
-15
Convert -33 (base 7) to base 2.
-11000
-9 (base 10) to base 8
-11
Convert -3101 (base 4) to base 5.
-1314
0 (base 16) to base 10
0
Convert -12 (base 6) to base 5.
-13
-5 (base 7) to base 13
-5
21 (base 7) to base 9
16
